- 69 = 4*n + 3*o, 3*n + 131 = o. Let b = 881 - n. What are the prime factors of b?
2, 463
Suppose 3*k - x - 10674 - 5420 = 0, -4*k = 4*x - 21448. What are the prime factors of k?
2, 3, 149
List the prime factors of (6636/56)/(3/118).
59, 79
Suppose 0 = 2*u + 373 - 379. Suppose -u*l - 1548 = -3915. List the prime factors of l.
3, 263
Suppose g - 15 = -0*g. What are the prime factors of (42/g)/((-8)/(-440))?
2, 7, 11
Let b(c) = 6317*c + 22. List the prime factors of b(1).
3, 2113
Suppose 0 = -l - 90*z + 92*z + 1156, -2*l + 2315 = -z. List the prime factors of l.
2, 3, 193
Let r(q) = -q**2 + 85*q - 110. What are the prime factors of r(50)?
2, 5, 41
Suppose -3*i + 26 = -5*u, 0 = -2*i + u + 3 + 5. Suppose 3*n - w = 4017, -n + i*w - 188 + 1527 = 0. What are the prime factors of n?
13, 103
Let j(h) = 15*h. Let x(p) = -2*p**3 + 11*p**2 + 8*p - 2. Let q be x(6). Let n be j(q). Let i = n - 72. What are the prime factors of i?
2, 3, 13
Suppose -7*i = -2 - 33. Suppose -28*a + 891 = i*a. What are the prime factors of a?
3
Suppose 0 = 178*c - 146*c - 446656. List the prime factors of c.
2, 7, 997
Let k be (6 - 1) + -7 + 2. Suppose -2*y = y - 177. Let n = y - k. What are the prime factors of n?
59
Suppose 16*x + 76603 = -x + 395897. What are the prime factors of x?
2, 9391
List the prime factors of -20100*(-4*(-6)/(-8) - -1).
2, 3, 5, 67
Suppose 0 = -17*h + 14*h - 5*o + 116001, 4*h + 4*o = 154652. List the prime factors of h.
29, 31, 43
Let g = 1858 - 1306. List the prime factors of g.
2, 3, 23
Suppose 91*c = -201529 + 967931. List the prime factors of c.
2, 4211
Let w(y) = 372*y**2 - 230*y - 1184. List the prime factors of w(-5).
2, 41, 113
Let j(o) = 2*o - 53. Suppose -5*y + 101 + 24 = 0. Let n be j(y). Let w(v) = 12*v**2 + 5*v + 2. What are the prime factors of w(n)?
5, 19
What are the prime factors of 2 + -2 - -2 - (-72 - 10885)?
3, 13, 281
Suppose 3*l - 21300 = -h + 8258, h - 29561 = -2*l. What are the prime factors of h?
29567
Suppose 0 = 2*p + 8, 0 = -4*o + 6*o - 6*p - 6508. List the prime factors of o.
2, 1621
Let h = -156 + 223. Let u = -67 + h. Suppose u = -2*o - y + 104, -249 = -5*o - 3*y + 6*y. What are the prime factors of o?
3, 17
Let z(o) = 10*o**2 + 3*o + 1. Let a be z(-1). Let c(b) = -4 + 4 - 14*b - 1 + a. What are the prime factors of c(-6)?
7, 13
Suppose -4*q = -20, 2*y + 4*q = -2*y - 3384. Let w = -470 - y. What are the prime factors of w?
3, 127
Let k be (23 - 1)*18/(-12). Let z = k + 71. Suppose 2*j - 34 = z. What are the prime factors of j?
2, 3
Let m = 44 + 18. Let j = -48 + 81. Suppose 34*i = j*i + m. List the prime factors of i.
2, 31
Let w be (-36)/(-108) + 25/(-3). Let g(j) = 19*j**2 - 10*j - 21. List the prime factors of g(w).
3, 5, 17
Let h(w) = 4*w**3 + 17*w**2 + 8*w + 2*w**3 - 35 - 7*w**3. What are the prime factors of h(15)?
5, 107
List the prime factors of (-55 - -46)*(-4*3203/6 + -2).
2, 3, 7, 229
Suppose -2*d = n - 1760, d - n - 1124 + 238 = 0. Suppose u + 291 = c - 150, d = 2*c + 3*u. List the prime factors of c.
3, 7
Let z(c) = 2*c**2 + 21*c - 33. Let b be z(-11). Let j(r) = r**3 + 24*r**2 + 28*r + 52. What are the prime factors of j(b)?
2, 101
Suppose -15*g = -20*g + 30*g - 1332925. List the prime factors of g.
11, 37, 131
Let w(q) = -q**3 + 6*q**2 - q + 1. Let x be w(6). Let v(h) = -55*h - 7. Let s be v(x). What are the prime factors of (24/16)/(6/s)?
67
List the prime factors of 186*1986/60 + (-3)/5.
2, 3, 19
Suppose 4*n - n = 6, 0 = -m + 2*n - 67. Let z be (1 - m)*8/(20/5). Suppose -t - 6*y = -y - z, -4 = 2*y. What are the prime factors of t?
2, 3, 23
Suppose -14*z + 2984 = -18072. Suppose z - 4202 = -2*g. List the prime factors of g.
19, 71
Let q = 585 - 585. Suppose -29*y - 2738 + 20573 = q. List the prime factors of y.
3, 5, 41
Let a = 47578 - 15382. List the prime factors of a.
2, 3, 2683
Suppose -2 = 2*c - 6. Suppose c*w + 0 - 10 = 0. Suppose -4*m - 16 = 0, 2*m + 181 = -w*o + 948. List the prime factors of o.
5, 31
Suppose 5*l - 57033 = y, -l + 34213 = 2*l - 4*y. What are the prime factors of l?
11, 17, 61
Let i(k) = -23*k**2 - 6*k + 53. Let c(d) = -8*d**2 - 2*d + 18. Let z(v) = 17*c(v) - 6*i(v). What are the prime factors of z(-8)?
2, 5
Suppose -7*u + 17 = 45, 0 = -4*x + 4*u + 50416. What are the prime factors of x?
2, 3, 5, 7
Let x be (-1)/(-6) - (-520)/48. Let s(p) be the second derivative of -p**4/12 + 7*p**3/3 + 15*p**2/2 - p. What are the prime factors of s(x)?
2, 3
Let c(j) = -j + 19. Let g be c(5). List the prime factors of ((-1)/((-6)/(-1852)))/(g/(-21)).
463
Let o = 336 - 334. Suppose -i - 795 = -o*k, 4*k + 0*k - 1575 = -3*i. What are the prime factors of k?
2, 3, 11
Suppose -2*n - 11995 + 43361 = 2*p, 3*n = 0. What are the prime factors of p?
15683
Suppose -147*a - n = -144*a - 28933, n = 4. What are the prime factors of a?
9643
Let w(m) = 33*m**2 - 25*m - 88. Let d be w(-3). Let s = -51 + d. What are the prime factors of s?
233
Suppose -214091 - 22135 - 88989 = -45*o. What are the prime factors of o?
3, 11, 73
Suppose 0 = -71*u + 902806 + 482546. List the prime factors of u.
2, 3, 271
Suppose -56*b = -51*b. Suppose -4388 = -4*m - 2*t, 5*m - 5483 = -b*m - 2*t. Suppose 20*k = 15*k + m. List the prime factors of k.
3, 73
Let l(j) = 24*j + 86. Let w = -38 + 67. List the prime factors of l(w).
2, 17, 23
Let x be (81/(-54))/(3/(-10)). Let g be (-23 - (-20)/x) + 3. List the prime factors of (4/g)/(2/(-32)).
2
Let w be (313 + 1)/(9/((-18)/(-4))). Let m = 281 - w. Suppose -6*b + 538 = m. What are the prime factors of b?
3, 23
Suppose -3*r - 2626 = 3*r - 17596. List the prime factors of r.
5, 499
Let f be 0*((-13)/3 + 4). Let t be -3*6/(3 + f). What are the prime factors of (t/5)/((-6)/(-15)) - -96?
3, 31
What are the prime factors of 5 - (531980/(-70) + 4/(-14))?
3, 5, 13
Let v be (-1680)/(-56) - 10*1/2. Suppose 0 = v*s - 24619 + 3694. What are the prime factors of s?
3, 31
Suppose 4*z + 2*r = -r + 4, 5*r = -2*z - 12. Let d be (26/z)/(5/(-80)). Let i = d + 189. List the prime factors of i.
5, 17
Let j(z) = 9*z + 296. Suppose -29*t - 71 = 103. List the prime factors of j(t).
2, 11
Let z(j) = 26*j**2 + 4*j - 2. Let b(w) = -7*w**3 + 4*w**2 + w - 3. Let l be b(1). What are the prime factors of z(l)?
2, 157
Suppose -2*s - 26 - 14 = 0. Let i(x) = x**3 + 19*x**2 - 25*x + 17. What are the prime factors of i(s)?
3, 13
Suppose -511*i + 507*i = -19164. What are the prime factors of i?
3, 1597
Let v(h) = 76*h**3 - h**2 + 3*h + 3. Let m be v(3). Suppose -m - 1370 = -5*f. Suppose -5*l + f = 3*x, 2*l - 4*x = l + 114. List the prime factors of l.
2, 67
Let k(t) = -2545*t - 5471. List the prime factors of k(-36).
7, 31, 397
Let c = -101 - -149. Suppose -6*a = -14*a + c. Suppose 0 = 3*j - o - 505, -a = 2*o - 16. What are the prime factors of j?
2, 5, 17
Suppose 277*n - 267*n = -1360. Let j = -35 - n. List the prime factors of j.
101
Let h(y) = y**3 - 2*y**2 - 3*y + 1. Let f be h(4). Let q be (-38)/(-14) + 6/f. Suppose q*l - 3*t - 195 = 0, 3*l + 2*t + t = 189. List the prime factors of l.
2
Let j(d) = 7*d**2 + d. Let z(g) = -6*g**2 - 2*g + 1. Let p(b) = 4*j(b) + 5*z(b). Let l be p(-6). Let y = l + 104. List the prime factors of y.
73
Let a(c) = c**2 - 5*c - 3. Let p be a(7). Let k(h) = -8 - 72*h - 68*h - p + 92*h. What are the prime factors of k(-4)?
173
Let g(h) = -h**3 - 10*h**2 - 2*h + 66. Let q be g(-9). Suppose b - q*b + 1745 = 5*n, -2*b = -2*n + 712. What are the prime factors of n?
3, 13
Suppose -54575 - 3040 = -8*u + 33265. What are the prime factors of u?
2, 5, 71
Suppose -2*f - 73 = -3*n, -n + 0*f + 23 = -2*f. Suppose -67 = -7*m - n. What are the prime factors of 285/m*5/((-25)/(-6))?
3, 19
Suppose 4*l = g - 4118, 12889 + 3583 = 4*g + 3*l. List the prime factors of g.
2, 29, 71
Let p = 333 - -141. Suppose 2*f = -3*s + p, -f - 5*s = -0*s - 251. What are the prime factors of f?
3, 7, 11
Suppose 0 = -5*s - 30, 3*z - 68013 = -103*s + 105*s. List the prime factors of z.
19, 1193
Suppose 0 = -2*f - 5*d + 43804 + 68798, d = -f + 56295. List the prime factors of f.
181, 311
Let b(q) = -70*q**3 - 10*q**2 - 31*q - 89. List the prime factors of b(-6).
83, 179
Let a(v) = v**2 + 113*v + 79. What are the prime factors of a(106)?
23293
Let n(z) = -208*z - 15. Suppose -11 = -a - 2*y - 23, 4*y = -16. List the prime factors of n(a